 the value of 0 - (-4 + -1 + 5)?
0
Evaluate 8 + (5 - 0 - 7 - 5).
1
Calculate (-2 - -8) + -2 - 7.
-3
5 + (0 - 0 - 9) + 8
4
-16 + (0 - (4 + -13))
-7
-9 - (-17 + (0 - -1))
7
Evaluate 3 + (7 - 15) + 7.
2
2 + ((-2 - 4) + 4 - -4)
4
Evaluate 2 - 0 - 2 - (9 + -2).
-7
What is the value of -2 + (-2 - 0 - (40 - 41))?
-3
Calculate (4 - 0) + -3 - (1 - -3).
-3
What is -3 - (-5 - (-6 + (4 - 2)))?
-2
-13 + 2 + (4 - -1)
-6
-8 - (-15 + 12 + -2 + 1)
-4
What is -3 + -1 + (3 - 2 - -5)?
2
Calculate 7 + -10 + (1 - 1 - 2).
-5
(8 - 8) + (1 - -3)
4
What is the value of (8 - 5) + -2 + 2?
3
What is the value of -6 + (7 - -11) + -5?
7
Evaluate (-3 - -2) + (3 - 1).
1
What is -5 + 3 - (5 - 7 - -2)?
-2
What is 4 + -1 - (1 + 2)?
0
Evaluate -9 + 1 + 1 + (-1 - -3).
-5
Evaluate -1 + -1 + 4 - (-7 + 4).
5
10 - 4 - (1 + 0)
5
-4 - -1 - -2 - 4
-5
Calculate 0 + 8 + -7 + -7.
-6
What is the value of -4 + (4 - -3) + -6?
-3
Calculate (-8 + -4 + 9 - -7) + 2.
6
Calculate 7 + -2 + -5 + 2.
2
Evaluate -3 - -6 - -3 - (-1 + 1).
6
-12 - -7 - (-7 + -1)
3
Calculate 9 + 2 - ((-4 - -7) + 2).
6
8 + (-5 - 12) + 6 - 1
-4
What is the value of 1 + 2 - (7 - (-6 - -15))?
5
(-2 + -3 - 2) + 0
-7
Calculate -2 + 1 + (-1 - 2).
-4
-1 + -4 + -8 + 5 + 4
-4
Evaluate (-14 - -13) + (-1 - -5) + -3.
0
Calculate 13 + -8 - (-2 - -3).
4
Evaluate -1 + 8 + 8 + -9.
6
What is the value of 1 + -1 - (5 - 6 - 3)?
4
Calculate 28 + -23 - (0 - (-1 - 1)).
3
Evaluate 1 + (3 - (-3 + 12)).
-5
Calculate (-1 - 3) + (1 - (-2 + 5)).
-6
Calculate (-13 - -11) + (14 - 8).
4
What is 4 + 0 + (-12 - -13)?
5
16 + 1 + -7 + -15
-5
Evaluate -3 + (-4 - (-8 - (-6 + 3))).
-2
Evaluate 5 - (0 - -8 - (0 + 1)).
-2
Calculate -36 - -36 - (6 + -3 - -2).
-5
0 + (8 - 8 - -3)
3
Evaluate 3 - -1 - (11 - (7 - 5)).
-5
Calculate -2 + -4 + 8 + -2 - 0.
0
What is 3 + 9 + 4 + -12?
4
Calculate (5 - 1) + -5 - (-2 + 0).
1
What is -16 - -16 - (2 + -3 - 0)?
1
Calculate 2 + (3 - -1) + (-2 - 6).
-2
What is (-21 - -11) + 2 + 6?
-2
Calculate 2 - (-1 + -1 + 0).
4
What is -4 - (-6 - -6 - -5 - 6)?
-3
-10 - -12 - -7 - 0
9
Evaluate -2 - 3 - (3 + -6) - -3.
1
Calculate -16 + 13 + 10 - (0 - -5).
2
What is -3 - 4 - ((-2 - -5) + -3)?
-7
(8 - 3 - 2) + -2 + 4
5
Calculate (1 - -2) + (-11 - -3 - -11).
6
What is -1 + -1 - (-80 - -72)?
6
What is the value of (11 - 6) + (2 - 3 - 1)?
3
What is (1 - (3 - 3)) + 2 + -8?
-5
What is 2 + (-2 - 3) + 8?
5
What is the value of (4 - 2 - 5) + 1?
-2
Calculate 10 - (28 + -14) - (-4 + 0).
0
What is 1 - (-3 - (4 - 9))?
-1
What is the value of -2 + (1 - (0 + -3))?
2
Evaluate -9 + 2 - (0 - 0 - 3).
-4
Calculate (-1 - -9 - 3) + 0.
5
What is the value of 6 + -2 + 4 - (-1 - -5)?
4
What is 2 - (2 - (-1 + 3 + -2))?
0
What is 2 - (2 - (-2 + 3 + 1))?
2
What is the value of -1 - 0 - -7 - 11?
-5
What is the value of (2 - (3 - 2)) + -2 + 4?
3
-4 + -4 + (-3 - -7) + 2
-2
What is 12 - ((12 - -7) + -7)?
0
-4 + 21 + -17 + (-6 - -1)
-5
What is the value of 4 - (5 - 4) - (-1 - 0)?
4
1 + -1 + (-6 - (2 + -5))
-3
What is the value of 10 - 19 - (5 + -10)?
-4
What is 3 - 12 - (3 + -12)?
0
Evaluate -5 + 2 - (7 - 5) - -8.
3
What is the value of -5 - -1 - (12 + (7 - 31))?
8
What is the value of 1 - (-2 + 4 - (-4 + 2))?
-3
Evaluate 0 - 3 - (41 - 40).
-4
Evaluate -8 - (-8 + (7 - 6) - 5).
4
Calculate 3 + (-7 - -5) - (1 + -3).
3
Calculate (-9 - (0 + 9)) + 11.
-7
Evaluate 1 + -2 + (0 - -3) + 3.
5
Calculate 27 + -29 + (-2 - -7).
3
What is the value of 2 + (3 - 11) + 3 + 10?
7
Evaluate 21 + -31 + 1 + 14.
5
What is 6 + -1 - (2 + -5 + 5)?
3
What is (1 - (-1 - (-7 + 1))) + 3?
-1
Evaluate 3 + (8 - 3) + -6.
2
What is (2 - -2 - 7 - 5) + 4?
-4
Evaluate -14 + (24 - 5 - 4).
1
What is 5 + -3 + (0 - -3)?
5
What is -7 - (4 + -5 + 1 + -4)?
-3
Evaluate 16 - 20 - (-7 + -1).
4
Evaluate 21 + -22 - ((1 - 9) + 2).
5
What is the value of -5 - ((1 - 6) + -4)?
4
What is -3 - -3 - (-4 - -8)?
-4
(0 - -4) + 2 - 3 - 2
1
What is -12 - (2 + -9 + 2)?
-7
Calculate -2 + 0 + (-1 + 2 - 1).
-2
Calculate 6 + -8 + (-4 - (2 - 13)).
5
What is the value of -1 - (-5 + 0 - -9 - 10)?
5
Evaluate (2 - -3) + -2 - (9 - 1).
-5
Evaluate -58 - -52 - (-5 - 0).
-1
Calculate -1 + -8 + 7 + -3 + 2.
-3
What is the value of -4 + -8 + 10 - (-4 - -4)?
-2
Calculate -4 - (1 - (0 + 6)) - -3.
4
What is 0 + (-8 - (-8 - -3)) + 9?
6
Evaluate -4 + 0 + 87 + -87.
-4
What is the value of -1 + 4 + -4 + 1 + -1?
-1
7 + -2 - (9 - 12 - -1)
7
Calculate 3 + (-8 + 7 - 4).
-2
Evaluate 4 + 2 - (-48 - -58).
-4
Calculate 1 - (-13 - -6) - 3.
5
Calculate -28 + 25 - (-18 - -7).
8
What is 2 + (-3 - 2) - -5?
2
What is -5 - (4 - -3 - 3 - 1)?
-8
What is the value of -4 + 3 + 7 + -5?
1
What is (-2 - -5) + (1 - 0)?
4
What is the value of -3 + 2 + (-4 - 0) - 0?
-5
What is -4 - 1 - (-41 + 28)?
8
What is the value of 2 - -2 - (-1 + 0 + 4)?
1
What is the value of (-3 - -2 - -1) + -4?
-4
What is the value of (-9 - -4) + 3 + 10?
8
(-5 - (2 - -1 - 20)) + -5
7
What is 6 - (-2 + 1 + 7)?
0
Calculate (2 - 7) + -3 + 5.
-3
Calculate 3 + -1 - (-5 + 4).
3
What is the value of 9 + (-12 - (11 + -10))?
-4
Calculate (0 + -4 - -9) + -3.
2
Evaluate 21 - (3 - (0 + -8)).
10
What is the value of 9 + (-6 - -3) + -5 - -6?
7
Calculate -3 + 2 + 0 + (1 - 0).
0
Evaluate (-12 - -6) + (6 - (0 + 1)).
-1
Evaluate 6 + -10 + 0 + -5.
-9
What is the value of -3 + 8 + -6 + 3?
2
-4 - (-3 - (4 + -1 + -3))
-1
6 - (-2 + -3 - -5)
6
(-2 + 4 - -4 - 4) + 4
6
Evaluate 3 + -1 + -6 + 4 + -1.
-1
Calculate 3 + -10 - (-1 + -3).
-3
(-1 - (19 - 9)) + -1 + 7
-5
-2 - -1 - (-3 - -1)
1
Evaluate -2 + -1 - (6 - 2 - 4).
-3
Evaluate (-3 - -3 - -3) + -9 - -1.
-5
What is -4 + (1 - ((-1 - -3) + -1))?
-4
Evaluate 2 + (5 - ((6 - 12) + 6)).
7
What is (6 - 9) + -3 + (4 - 4)?
-6
Evaluate 0 - 0 - (10 - (1 - -6)).
-3
Evaluate 4 + -9 + 11 + 0 - 2.
4
Calculate -3 + 1 + -14 + 17 - -2.
3
What is the value of -5 + (-4 + -1 + 4 - -1)?
-5
What is the value of -2 + (-11 - -19) + (-2 - -1)?
5
What is (-55 - -50) + 2 + -2 + 4?
-1
What is the value of (-72 - -76) + 0 + 3?
7
What is 1 + -2 - (19 - 21)?
1
1 + -4 + 4 + -3
-2
2 - (-5 + 1 + 2)
4
What is 1 + (1 - ((1 - -1) + -4))?
4
Evaluate 3 - -1 - (-17 + 24) - -7.
4
Calculate 0 + (-2 + 9 - (3 + -1)).
5
Evaluate (5 + (-4 - -2) - 4) + 4.
3
17 - 22 - (-2 + -5 + 1)
1
What is the value of -6 + (2 + 8 - 7)?
-3
What is the value of 9 - (-4 - (2 + -4 + -6))?
5
Evaluate -2 - (0 + -4 + 6).
-4
What is -4 + (5 - (3 + 0)) - 3?
-5
Evaluate 6 + -1 - (-8 + 10).
3
What is the value of 1 - -13 - (-8 + 15)?
7
Evaluate (0 + 1 - 7) + -25 + 26.
-5
What is 2 - (-5 + 1 - -5)?
1
What is (1 - -2) + 1 + 3 + -3?
4
What is the value of -7 + (-1 + -4 - -3 - -5)?
-4
Calculate -1 + 3 + 10 + -16 - -7.
3
Calculate 1 - 3 - (12 + -15).
1
5 + (-8 + 1 - -9)
7
-9 - (3 + -3 + -5)
-4
What is (10 - (17 + -10)) + -5 + 1?
-1
What is the value of 1 - (8 + 1 + (-4 - 1))?
-3
1 + (-12 - (-11 - -3))
-3
Calculate 2 - (4 + -2 + 1).
-1
What is 16 - 3 - 9 - 9?
-5
What is the value of 8 + (-10 - -10) - 13?
-5
Evaluate (12 - (10 - 2)) + -9 + 13.
8
What is the value of -3 + (8 - (3 - -6))?
-4
1 - 2 - (7 - 7) - 2
-3
What is the value of -2 + 8 + (-14 - -5)?
-3
What is the value of -2 - (4 + -3) - -2?
-1
What is the value of -3 + 3 + -8 + 11 - 0?
3
Evaluate 1 + -6 + (12 - 8).
-1
Calculate 2 + -5 - (-6 + 0).
3
What is (14 - (2 + 2 + 0)) + -4?
6
Evaluate -4 + 1 - (2 + 0 - 5).
0
What is the value of (2 - (-3 - -4)) + -3?
-2
Calculate 3 + (-2 + 1 - -3) - 3.
2
What is (1 - 0) + 2 - 4?
-1
Calculate (-1 - 3) + -7 + 14.
3
What is -5 - (-10 + 1 - 3) - 2?
5
What is 3 + 3 + -1 + -1?
4
3 + -2 - (-4 + 8)
-3
-1 - (6 + -13) - 7
-1
What is (19 - 5) + -9 + 2?
7
-4 - (2 - -3 - 5)
-4
-3 + 6 - ((-3 - -4) + 1)
1
2 + -3 + -1 + 1 + 3
2
Calculate (1 - 1 - 6) + 5.
-1
-10 + 10 + (-2 - -4)
2
3 + -2 - -1 - (12 + -20)
10
What is the value of 6 + -13 + -5 + 12?
0
What is the value of -20 + -8 + 19 + 2?
-7
What is the value of -2 + (12 - 7) + 3?
6
-9 + 12 - (-1 - -4)
0
1 + (1 - 8) - (-11 + 10)
-5
-10 + 18 + 1 + 1 + -2
8
What is (-2 - (4 - 5)) + (-1 - 0)?
-2
What is the value of 0 + 1 + (4 - (-6 + 13))?
-2
Evaluate -2 + 2 + 0 - (-9 - -10).
-1
What is the value of 4 + 3 + -3 + 2 + 2?
8
Calculate (0 - 3) + (7 - -1).
5
What is -5 + 2 + -2 - -6?
1
What is the value of 14 + -16 + (12 - 7) + 4?
7
What is 0 + (3 + 3 - 3)?
3
Evaluate -1 - 5 - (7 + -7).
-6
What is the value of -2 + (10 + -5 - (-1 + 10))?
-6
What 